n. What are the prime factors of n?
2, 11
Let u(d) = d**3 + 2*d**2 - 13*d + 4. Let b be u(-7). Let w = b + 92. Let z = w + 135. List the prime factors of z.
7, 11
Suppose 311*v = 314*v - 5*d - 9601, 0 = d - 1. List the prime factors of v.
2, 1601
Let k(t) = 3*t**2 + 5*t - 5. Let i(x) = 9*x**2 + 14*x - 16. Let v(l) = 3*i(l) - 8*k(l). Let f be (-14)/(-77) - 92/22. What are the prime factors of v(f)?
2
Let s be 25/15*(-30)/(-25). Suppose -2713 = -s*k + 3*i, -62*i + 60*i - 4057 = -3*k. What are the prime factors of k?
19, 71
Suppose -2*o + 630 = 5*x - 0*o, -4*x + 2*o = -522. List the prime factors of x + (63/7 - 8).
3, 43
Suppose 20*j - 145992 = -13*j. Suppose -j - 1129 = -9*z. What are the prime factors of z?
617
Let o be (-58)/145 + ((-3428)/5 - 0). Let l = o - -1026. List the prime factors of l.
2, 5, 17
What are the prime factors of 428/6*3*(-8229)/(-422)?
3, 13, 107
Let p be (-276)/(-10) + 6/(-10). Let d = -32 + p. Let t(m) = 3*m**2 - 7*m - 15. What are the prime factors of t(d)?
5, 19
Let m(z) = z**2 - 40*z - 154. Let i be m(44). What are the prime factors of ((-7359)/i)/(-3)*(-2)/(-1)?
223
Let t = 60 - 72. Let y be ((-27)/t)/((-6)/(-16)). What are the prime factors of (y/4)/((-3)/(-28))?
2, 7
Let a(b) = -3584*b - 626. List the prime factors of a(-15).
2, 31, 857
Let a = 60 + -56. Suppose 0 = 3*h - a*u + 20 + 6, 0 = 4*h - 2*u + 18. Let p(d) = 28*d**2 + d - 4. What are the prime factors of p(h)?
2, 53
Let c(o) = -25*o + 167. Let n be c(5). Suppose m - 69 = -2*m. Suppose 2*j + n = 4*d, -5*j - m = -2*d - 2*j. What are the prime factors of d?
2, 5
Suppose -18*c = -204 - 12. Suppose 5418 = c*q - 16074. List the prime factors of q.
3, 199
Suppose 242 = 4*v - 438. Let g be (-4)/(-3) + 172/(-129). Suppose g*l = -2*l + v. What are the prime factors of l?
5, 17
List the prime factors of (-969)/(-6)*((0 - -54) + 0).
3, 17, 19
Let n = 718 - 754. What are the prime factors of ((-2100)/(-126))/((-2)/n)?
2, 3, 5
Suppose 0 = v - 2, 0 = h + 5*v + 749 - 265. Let c = h + 1025. List the prime factors of c.
3, 59
Suppose 48*g = -53*g + 2667107. What are the prime factors of g?
26407
Let f(g) = -7*g + 8 + 2*g + 4*g**2 + 4*g + 3*g. Let i be f(-6). Suppose -i = -4*x + 4*z + 116, -10 = -5*z. What are the prime factors of x?
2, 3, 11
Suppose -9*h + 7*h = 5*m - 60772, -4*h - 5*m + 121574 = 0. What are the prime factors of h?
7, 43, 101
Suppose i + s = -2*i + 2, 5*i = -3*s - 2. Suppose 0 = -2*u + u - 2, t = -3*u - 6. Suppose -h + 135 = i*v, 3*h + 0*h + 15 = t. List the prime factors of v.
2, 5, 7
Let i = -42 - -44. Suppose -f = j + 7 + i, -3*f - 45 = 5*j. What are the prime factors of -3*(-3)/j*-5?
5
Let y(i) = i**2 - 10*i - 2. Let m be y(10). Let x be (-2)/(m + (1 - 1)). List the prime factors of x/((-1545)/(-6750) + 4/(-18)).
2, 3, 5
Suppose 5*b + z = 15 + 5, 5*z + 4 = b. Suppose -4*w + b*x - 220 = 0, -185 = 4*w + x + 2*x. Let r = w - -56. What are the prime factors of r?
2, 3
Suppose 12*f - 395 = 253. Let l = f + 190. List the prime factors of l.
2, 61
Let y(j) be the third derivative of 0 + 0*j + 1/2*j**3 - 9*j**2 - 1/8*j**4 + 1/20*j**5 + 7/120*j**6. What are the prime factors of y(2)?
5, 13
Let g(p) = 3*p**2 - p. Let q be g(1). Suppose 4*d + 4*o = 6*o + 644, -q*o = -d + 161. List the prime factors of d.
7, 23
List the prime factors of 2875 + 105 + -1 + -6.
3, 991
What are the prime factors of (9 - (-4592805)/285) + 80/(-38) + 2?
2, 29, 139
Suppose -19*n + 53 = -23. Suppose 2*w - n*g + g = 26, 2*w = g + 30. Suppose 0 = -5*d - p + w + 39, 4*p + 80 = 5*d. What are the prime factors of d?
2, 3
Let l(v) = -43*v**3 + 3*v**2 + 6*v + 7. Let b = 359 + -361. What are the prime factors of l(b)?
3, 13
Suppose 5*d = -i + 224, 88 = -2*d + 4*d + 2*i. Let q be 4*-1*1*-19. Let h = q - d. What are the prime factors of h?
31
Let o = 32898 - 17187. List the prime factors of o.
3, 5237
Let t = -218 + 506. Let l = t + -78. List the prime factors of l.
2, 3, 5, 7
Let v(a) be the third derivative of a**6/120 - a**5/12 - a**4/8 + 3*a**3 - a**2. Suppose 2512 + 1384 = 14*k + 473*k. What are the prime factors of v(k)?
2, 3, 31
Let v = -497 - -1685. Let n = 1823 - v. List the prime factors of n.
5, 127
Let v be (-6 - -12)/((-766)/768 + 1). Suppose -v = -3*j - 4*z - z, -2*j + 1540 = 2*z. List the prime factors of j.
773
Let f(k) = 23*k**2 - 42*k + 5. What are the prime factors of f(-9)?
2, 1123
Let v be (-2)/11 - (-1008)/(-264). Let d be -2*(0/v + 1). What are the prime factors of 11 + d*(-6)/4?
2, 7
Let y(k) = -k + 23. Let p = 83 - 108. List the prime factors of y(p).
2, 3
Suppose 3*q + 4*n + 4 = -q, 4*q - 24 = 3*n. Suppose j - q*j = -6. What are the prime factors of 3 + (34 - j/(-3))?
2, 19
Let x(y) = 6*y + 2. Let b be x(0). Suppose 315 + 255 = b*w. What are the prime factors of w?
3, 5, 19
Let z(j) = j**2 - 12*j - 18. Let x be 3 + -8 + (8 - -10). Let a be z(x). Let g = 267 - a. What are the prime factors of g?
2, 17
What are the prime factors of 2/((-42)/(-30771)) - 2*(-4)/(-28)?
5, 293
Let r(l) = -7*l**2 + 33*l - 55. Let v be r(5). Let b = 41 + 47. Let n = v + b. List the prime factors of n.
23
Let j(r) = -93*r**2 + 15*r + 66. Let c be j(-4). Let a = c - -2882. What are the prime factors of a?
2, 5, 7
Suppose -22*g + 17*g + 1995 = 0. Suppose g + 813 = 4*r. What are the prime factors of r?
3, 101
Let m(c) = c**3 + c**2 - c + 2. Let z be m(0). Let y be -1*((1 - (z + -3)) + -5). Suppose 2*j = 4*r + 98, 0*j + j - 49 = y*r. What are the prime factors of j?
7
Suppose -3*b = -3*y + 40653 - 8592, 2*b = -2*y + 21390. List the prime factors of y.
10691
Suppose 3*t - 8*i + 13*i - 92531 = 0, 0 = -3*t + 11*i + 92419. What are the prime factors of t?
2, 41, 47
List the prime factors of (-17 + 12)*((16 - 19) + 104076/(-10)).
3, 17351
Suppose -44*h + 41*h = -3. Let s(f) = -2*f**2 + 4*f + 1. Let j be s(3). What are the prime factors of h/(-5) + (-136)/j?
3
Suppose -2*y = -4*w + 180 + 240, -w = y - 99. Suppose 5*x - 74 = -4*o, 5*x - 36 = -2*o + 6. Let r = w - o. List the prime factors of r.
3, 29
Suppose d + 5*q = 2223, -4*d - q + 9983 - 1072 = 0. List the prime factors of d.
2, 557
Suppose 105*x - 4*k + 30516 = 109*x, k + 15240 = 2*x. List the prime factors of x.
3, 7, 11
Suppose 25*i - 22*i = -36. Let c(n) = -n**2 - 17*n - 59. Let g be c(i). What are the prime factors of (-19)/((-114)/252)*g?
2, 3, 7
Suppose 2*w = 2*h + 11348, -2*w - h - 11344 = -4*w. Suppose -l - 4*l + w = -a, 4*a = l - 1115. List the prime factors of l.
5, 227
Let u(c) = -514 + 262 - 9*c + 12*c**2 + 3*c + 268. List the prime factors of u(-7).
2, 17, 19
Let u = 343 + -326. Suppose u*x = 11*x + 2328. List the prime factors of x.
2, 97
Let w = -757 - -4971. What are the prime factors of w?
2, 7, 43
Suppose -43*j + 42*j = -1. Let w be 18/(-12) + j - 357/(-2). Let o = -8 + w. What are the prime factors of o?
2, 5, 17
What are the prime factors of (-83694)/(-6 + 3) - (2 + (10 - 6))?
2, 19, 367
Suppose -11*i = -4997 + 12774. Let z = i + 1000. List the prime factors of z.
293
Let f(b) = -b**2 - 3*b**3 - 4 + 1 - b**2 - b. Suppose -332*o + 2 = 2*p - 328*o, 3*o = -5*p - 9. What are the prime factors of f(p)?
3, 7
Let p = 13449 - 9568. List the prime factors of p.
3881
Let x = 29330 + -16118. What are the prime factors of x?
2, 3, 367
Let n = 23 + 467. Suppose -b = -3*j + n, b + b = 4. Suppose 0 = -2*o + 5*d + j, -2*o + 178 = 6*d - 4*d. What are the prime factors of o?
3, 29
What are the prime factors of -1 - (-8 - (-4 - -48268)) - -8?
3, 7, 11, 19
Let k(p) = 98*p**2 - 158*p + 850. List the prime factors of k(5).
2, 5, 251
Let p = 36284 - 19409. List the prime factors of p.
3, 5
What are the prime factors of (1580/(-12) + 5)*3078/(-45)?
2, 3, 19
Let m(h) = 16*h**2 + 10*h - 23. Suppose 3*r - z + 18 = 0, 0 = -5*r + 9*r + 3*z + 37. What are the prime factors of m(r)?
691
Let f be 13*(-2)/(-91) + (-58182)/(-7). Suppose -27*t + 35*t - f = 0. List the prime factors of t.
1039
Suppose -3*q + 27 = -3*a, -21*a + 26*a = -25. Let t(j) = 23*j**2 + j - 20. List the prime factors of t(q).
2, 11
Let f = 37351 + -21243. What are the prime factors of f?
2, 4027
Let f(u) = u + 26. Let x be f(8). Suppose 0 = x*n - 37*n - 48. Let b(m) = -6*m + 44. What are the prime factors of b(n)?
2, 5, 7
Let z(q) = -q**3 + 26*q**2 - 7*q + 91. Let f(c) = -c**2 + 40*c - 14. Let 